(-117)/(-13). Let f(h) = -h**2 + 2*h - 2. What is f(z)?
-5
Let v(f) = 4*f**2 - f - 4. Let o(p) = 3*p - 13*p**2 + 11 + 4*p**2 - 2*p - 4. Let n(d) = -3*o(d) - 5*v(d). Determine n(1).
8
Let g(n) = n**3 + 5*n**2 - 23*n + 8. Let m be g(-8). Let q(y) = y**2 + y + 6. Determine q(m).
6
Let x(f) = -7*f**3 + 3*f**2 - 2*f + 2. Let n(j) = -3*j**3 + j**2 - j + 1. Let k(h) = -5*n(h) + 2*x(h). Determine k(1).
2
Suppose 4*k - 3*k = -u, 0 = 3*u + 2*k. Let a(l) = -l - 11. Give a(u).
-11
Let j(r) = r**2 - 2*r - 1. Suppose 0 = 2*y - 2*x - 14, y + x + 0 = -1. Suppose -3*q + 3 = -y. Calculate j(q).
-1
Let m(u) = u**3 - 8*u**2 - 8*u - 4. Suppose -2*t = -4, 0*t - 35 = -3*b - 4*t. Calculate m(b).
5
Suppose 12 = 4*u + 4. Let m(h) = 6*h**u + 2*h - 3*h**2 - 4 - 2*h**2 - 3*h. Let a be (-25)/9 + (-10)/45. Determine m(a).
8
Suppose 2*v + 5*s - 55 - 26 = 0, 0 = -5*v - s + 237. Let a(o) = v*o**2 + 3*o + 4 - 22*o**2 - 25*o**2. Give a(-4).
8
Let m(n) = -n**2 - n + 5. Let q be m(-6). Let w = q - -24. Let l(i) = -9*i - 1. Give l(w).
8
Let i(d) = -d**3 - 3*d**2 - 2*d + 1. Let u be (-2)/(-6) + (-40)/12. Let k be (-10)/2 + u + 6. Calculate i(k).
1
Let l(z) = -2 - z - 1 + 0*z. Let r(a) = a**2 + 9*a + 3. Let u be r(-6). Let d = u + 13. What is l(d)?
-1
Suppose 5*l - 19 = 1. Suppose 38 = 2*n - 2*b, -4*n - b = -l*b - 73. Suppose p = 5*p - n. Let j(g) = g**3 - 5*g**2 + 4*g + 2. What is j(p)?
2
Let q(a) = -1 + 12 + a + 0*a. Let t be q(-9). Suppose 0 = 5*c + p + 15, -3*c - 3*p - 7 = t. Let u(w) = -3*w - 4. What is u(c)?
5
Suppose 7 = 2*r + 15. Let z(f) = 4*f + 3. What is z(r)?
-13
Suppose 5*i - 9 = 1. Suppose 0 = -3*j - 9, -4*k = i*j + 3*j + 3. Let l(a) = a**2 + 1. Let r(t) = -t**2 - 1. Let b(w) = -2*l(w) - r(w). Calculate b(k).
-10
Let s(i) = 9*i - 3*i + 1 + 4*i + 0*i. Calculate s(1).
11
Let l = 12 - 15. Let j(w) = -4*w + 1. Calculate j(l).
13
Let w(z) = 4*z**2 - z + 3. Let l(q) = 5*q**2 - q + 4. Suppose -9 - 9 = -4*x - 5*i, -4*x = i - 10. Let f(a) = x*l(a) - 3*w(a). What is f(-2)?
-11
Suppose n = 6*n + 30. Let l(s) be the first derivative of s**2 + 7*s + 6. Determine l(n).
-5
Let k(l) = l**2 + 3*l - 3. Let n(h) = -h**2 + 4 + 0 - 1 - 5*h - 6. Let u be n(-5). What is k(u)?
-3
Suppose 2*d + 40 = -4. Let c be (-175)/(-55) - (-4)/d. Let n be 4/c*(-6)/4. Let o(y) = -2*y - 2. Calculate o(n).
2
Let a(b) = -5 - 35*b + 0 + 34*b. Suppose -g = 5*k - 5*g, -2*g + 6 = -4*k. Give a(k).
-1
Let p(d) be the third derivative of -d**4/12 + d**3/3 - 3*d**2. Let z(n) = -3*n + 3. Let l be 1/2 + (-17)/2. Let t(c) = l*p(c) + 5*z(c). What is t(5)?
4
Let t(r) = -6*r**3 + 8*r**2 + 2*r - 6. Let k(m) = m**3 - 1. Let d(h) = -5*k(h) - t(h). Let v be -3 - (-40)/14 - (-114)/14. Calculate d(v).
-5
Let v(r) = 5*r**2 - 5. Let y be 3/(3/2)*(10 - 8). Let h(a) = -a**2 - a. Suppose 0 = o + o - 2. Let w(j) = o*v(j) + y*h(j). Give w(4).
-5
Let r = -11 - -13. Let f(c) be the first derivative of 3*c**r + 1 - 1/3*c**3 - 5*c. Give f(5).
0
Let y(l) = -l**3 + 6*l**2 + 9*l - 7. Let p be y(7). Suppose -5*k = a - 16, -p = -k - 2*k + 2*a. Let b(r) = r**2 - r - 2. What is b(k)?
4
Let f(b) = -6*b + 57. Let m be f(10). Let c(x) = 5*x + 3. Give c(m).
-12
Let s(w) be the third derivative of w**6/120 + w**5/20 + w**4/8 + w**3/2 - 25*w**2. What is s(-4)?
-25
Let f(u) = -u**3 + 5*u**2 + 7*u - 8. Suppose 2*v = -i, v + 3 = -0*v. Give f(i).
-2
Let m(l) = 2*l - l**3 + 5 + 3 - l + l**2. Let q(b) = b**3 - 6*b**2 + 5*b. Let z(i) = -i**3 - 4*i**2 - 2*i - 3. Let a be z(-4). Let g be q(a). Determine m(g).
8
Let d(o) = -4 + o - o**2 + 2*o**2 + 3*o + 3. What is d(-3)?
-4
Let l(h) = h**2 + 6*h - 4. Let v(j) = 2*j**2 + 15*j - 8. Let p(n) = 7*l(n) - 3*v(n). Suppose -m = -2, -2*d = -0*d - 2*m - 4. Calculate p(d).
0
Let w be (10/15)/(3/18). Let g(m) = 2*m - w*m + 141 - 144. Calculate g(-5).
7
Let d(y) = 6*y**2 + 3*y + 7 - 3*y - y**3 - 1. Calculate d(6).
6
Let t(u) be the second derivative of u**4/12 - u**3/2 + u**2 - 21*u. Calculate t(2).
0
Let a(z) = -z + 2. Let d be ((-8)/(-10))/((-2)/5). Let w be 1 - (1 + -1) - d. Give a(w).
-1
Let r(s) = -s**2 + 4*s + 3. Suppose -32 = -5*l + 38. Suppose 0 = 2*q - l - 0. Suppose 2*y - q*y = -15. Determine r(y).
6
Let h(s) = -s**2 - 2*s + 3. Suppose d = 3*l + 17, 3*l = -3*d - 0*d - 9. Give h(l).
-12
Let y(h) = 3*h + 2. Let x(r) = r + 1. Let p(t) = -5*x(t) + 3*y(t). What is p(1)?
5
Let l(a) = -a**3 + 3*a**2 + 4*a + 5. Let r = -11 + 7. Let k = r + -2. Let g = k + 10. Give l(g).
5
Suppose -4*f + 0*f - 8 = 0. Let p be f/6 - (-22)/(-6). Let n be (p + 1)/3 - -4. Let o(y) = y**2 - y - 2. Determine o(n).
4
Let j be (-1)/(-3) - (-14)/3. Let q be (0/(-1))/(1*-2). Let y = q - j. Let t(g) = g + 7. Calculate t(y).
2
Suppose 6 + 9 = 5*y. Suppose 4*i + 12 = 2*g, 3*i + 21 = y*g + 6. Suppose -5 = -g*c + 3*c. Let t(k) = k**3 - 5*k**2 - k + 1. Give t(c).
-4
Suppose -p + 6*p - y - 325 = 0, 2*y = 10. Let l be p/3*1/2. Let v = -6 + l. Let m(z) = -z**3 + 4*z**2 + 5*z - 1. Determine m(v).
-1
Let s(y) = -y**3 + 5*y**2 - 2. Let w be s(5). Let v(d) = -d**3 - d**2 + d + 2. Let n(l) = 3*l**3 + 3*l**2 - l - 3. Let u(k) = -n(k) - 2*v(k). Give u(w).
5
Let w(c) be the second derivative of c**4/12 - 4*c**3/3 + c**2 + 11*c. Give w(5).
-13
Suppose -d - 3 = 3. Let q be d/1 + 0 + 1. Let j(a) = -a**2 - 4*a - 1. Determine j(q).
-6
Suppose 5*z - 4*x + 36 - 10 = 0, 2*x - 18 = 5*z. Let r be (-2 - (2 + -6)) + z. Let v(k) = -k**2 - k - 2. Calculate v(r).
-2
Let y(a) be the second derivative of -a**4/12 + a**3/6 - 5*a. Let u = -18 + 21. Determine y(u).
-6
Let i(x) be the third derivative of x**4/24 - x**3/6 + 3*x**2. Suppose -4*p - u + 9 = 0, -4*u - 5 + 1 = -4*p. Calculate i(p).
1
Let p(n) = 2*n. Let f be p(2). Suppose -13 = -f*v - 5. Suppose 0 = v*y - 5*c - 0 - 1, -c = 4*y - 13. Let r(i) = i**3 - 3*i**2 - i - 4. What is r(y)?
-7
Let y(u) = -u - 5. Let h be y(-7). Let l(r) be the first derivative of h*r - 3*r - 2 + 0*r**2 - r**2. Give l(-3).
5
Let i(y) = y**3 + 6*y**2 - 8*y - 5. Let x be i(-7). Let c be 0*x/6*3. Let v(h) = 1 + 2*h**3 - 3*h**3 + 5 - h**2 - h. Give v(c).
6
Let q(h) = 5*h + 4. Let a(m) = -14*m - 12. Let b(n) = -6*a(n) - 17*q(n). Give b(7).
-3
Suppose -3*b - r - 31 + 98 = 0, 0 = 2*b + 2*r - 50. Suppose 0 = g + 2*g + b. Let u(n) = n**3 + 7*n**2 + n + 3. Give u(g).
-4
Let c be (-1)/(-2) - (-7)/(-2). Suppose 0 = 2*m - m. Let a(r) = r - 3 + m + 0*r + 5. Calculate a(c).
-1
Let y(d) be the third derivative of -d**6/360 - d**5/60 + d**4/8 - d**3/2 + 4*d**2. Let t(w) be the first derivative of y(w). What is t(-3)?
0
Let x(w) = w**3 - 5*w**2 - 2*w + 6. Suppose 2*r = 4*r + 8. Suppose -p + 3*p = 18. Let z = r + p. Determine x(z).
-4
Let m(w) = w + 10. Let q(f) = -f**3 + 5*f**2 + 3. Suppose 2*o - 15 = -o. Let g be q(o). Suppose -4*s = g*b + 27, 13 = 3*s - 6*s + 5*b. Calculate m(s).
4
Let o(d) be the first derivative of 6 - 3/2*d**2 - 5/3*d**3 + 3*d - 1/4*d**4. What is o(-3)?
-6
Let n(u) = u - 1. Let k(a) = -2*a**2 + 34*a + 8. Let y be k(17). What is n(y)?
7
Let s(x) = -x**2 - 3*x + 1. Let i be ((-30)/(-1))/(-3)*1. Let z = i - -6. Give s(z).
-3
Let n(q) be the first derivative of 1 + 2*q**2 - 2/3*q**3 + q. Suppose 9 = 22*m - 19*m. Give n(m).
-5
Let z(b) = 3*b**3 - b**2 - 2*b - 1. Suppose 4*x - v = 13, 3*x - 24 = 4*v + 2. Suppose x*g - 2*l = 6, l + 8 = 3*g - 7*g. Calculate z(g).
-3
Let m(b) = b**3 - 3*b**2 + 5*b - 4. Let i(j) = -j**2 + 6*j - 2. Let r be i(5). Let h = r + 0. Determine m(h).
11
Let u(w) be the second derivative of 0*w**2 - 7*w - 1/6*w**4 + 0 - 2/3*w**3. Determine u(-3).
-6
Suppose -5*g = 3*i + 16 + 1, 0 = 4*i + 2*g + 18. Let w(p) = -3*p - 3*p - 5 + 0*p - p**2. Give w(i).
3
Let d(t) = -6*t + 34. Let y be d(6). Let v(n) = -2*n**3 - 2*n**2 + 2*n + 2. Determine v(y).
6
Let w be 4 + -1 + -1 + 1. Suppose 2*q + 3*q - x = 12, 2*x = -2*q + 12. Let p(b) = 4*b - 2*b - q - w. Give p(5).
4
Let s = 16 - 14. Let n(b) = 2 + 4*b - b**2 + 3*b**s - 3*b. Determine n(-2).
8
Suppose b - 2 = -2*b - 5*a, -4*a + 3 = b. Let t be b - (-5)/((-5)/(-4)). Let m = t - 0. Let i(z) = -z**3 + 4*z**2 - 3. Calculate i(m).
6
Let a(v) be the second derivative of -5*v**3/6 + 3*v**2/2 + 2*v. Suppose -4*w = 5*h - 10*h - 10, 2*w - 12 = -h. Determine a(h).
-7
Suppose -2*f = 4*u - 22, 6 = 3*u - 3. Let d(y) = y**3 - 3*y**2 - 4*y - y**2 + f*y**2 - 2. Let w be 24/(-9) - (-7)/(-21). Determine d(w).
-8
Su